- 2*t - 7. Calculate the remainder when (-69)/(-5) + 1/o is divided by 4 - (1 - 0)*-1.
4
Suppose 2*x + 3*f = -8 + 45, -x + 5*f - 1 = 0. What is the remainder when 40 is divided by x?
12
Let y = -12 + 17. Suppose 75 = 3*v + 2*v - 5*o, -3*v + 41 = -5*o. Let p = v - 5. Calculate the remainder when p is divided by y.
2
Suppose -4*o = -3*h + 6, 0*h + 9 = -o - 3*h. Calculate the remainder when (30 - (-4 - o)) + -3 is divided by 10.
8
Suppose 4*s = -d + 17, 4*d - 26 + 2 = -5*s. Let l(v) = 6*v - 6. Let n(p) = 7*p**2 + 4*p + 2. Calculate the remainder when n(-3) is divided by l(s).
17
Let u = 20 + -9. Calculate the remainder when 41 is divided by u.
8
Let i = -16 - -11. What is the remainder when 10 is divided by 54/15 - (-3)/i?
1
Suppose 80 = 4*c + c. Suppose d - 46 - 34 = 0. Let h = d - 34. Calculate the remainder when h is divided by c.
14
Let p(j) = -j**2 - 19*j - 3. Let n be p(-9). Suppose -m + 2*b + 110 = 3*m, -3*b = -3*m + n. What is the remainder when 76 is divided by m?
24
What is the remainder when 51 is divided by (-2)/(-11) + 590/22?
24
Calculate the remainder when ((-68)/(-6))/((-4)/(-18)) is divided by 27.
24
Let u(o) = 13*o**2 - o. Suppose f + 0*f - 4*j = 2, 2*f - 3*j + 1 = 0. Calculate the remainder when u(f) is divided by 14.
12
Suppose 0 = 2*o - 7 - 3. Calculate the remainder when 12 is divided by o.
2
Let d(a) = -3*a - 3. Let p be d(-2). Suppose -11 = -p*q - 2. What is the remainder when 8 is divided by q?
2
Let f = -9 + 13. Suppose 0 = -f*c + 49 + 187. What is the remainder when c is divided by 12?
11
Suppose 2*f - 4 = f. Suppose 40 = 5*j + 3*x - f*x, j = -4*x + 29. What is the remainder when j is divided by 2?
1
Let y = -9 - -13. Let l(f) = 7*f - 3. What is the remainder when l(y) is divided by 13?
12
Let h be 3 - -2*(-1)/2. Suppose -13 - 133 = -h*w. What is the remainder when w is divided by 25?
23
Let l = 6 + -4. Let d be 2/10 + 44/5. Let f = 14 - d. Calculate the remainder when f is divided by l.
1
Let k = 12 + 8. Suppose -k - 10 = -3*w. Suppose 3*d + 33 + 88 = 4*x, -2*x + 5*d = -71. Calculate the remainder when x is divided by w.
8
Let u be 1 + (-7 - -1)/(-2). Let k = 140 + -62. Suppose -u*n + k = -n. Calculate the remainder when n is divided by 9.
8
Let c = 107 + -102. What is the remainder when 21 is divided by c?
1
Let j be (-1 + 17)*28/8. Let u = -30 + j. What is the remainder when 102 is divided by u?
24
Let y = 6 + -3. Let r(t) = -2*t**2 - 7*t + 0*t - 2 + t**2. What is the remainder when r(-6) is divided by y?
1
Let j(n) be the second derivative of -n**5/20 + 3*n**4/4 - n**3 - 3*n**2 - 6*n. Calculate the remainder when 18 is divided by j(8).
8
Suppose i + 2 - 10 = 0. Suppose 0 = -0*n + 3*n + 3*z - 12, -5*z - 16 = -n. What is the remainder when (0 - (-28)/n)*3 is divided by i?
6
Let k(q) be the second derivative of q**4/3 - 2*q**2 + q. Calculate the remainder when k(3) is divided by 11.
10
Suppose -15 + 39 = 4*h. Let k(b) = -b**3 + 6*b**2 + b + 8. What is the remainder when k(h) is divided by 5?
4
Suppose 9 = d + 2*d. Suppose 3*a = 2*t + 10 - 40, -45 = -d*t + 5*a. Calculate the remainder when 44 is divided by t.
14
What is the remainder when 147 is divided by -3*(-3 - (-205)/(-15))?
47
Let l(f) = -2*f + 1. Calculate the remainder when 5 is divided by l(-1).
2
Suppose 18*c = 15*c + 135. Calculate the remainder when 133 is divided by c.
43
Let r(n) = -n**3 - n**2 - n + 35. What is the remainder when r(0) is divided by 9?
8
Let t(l) = l**3 - 4*l**2 + 8*l - 10. Calculate the remainder when 40 is divided by t(4).
18
Suppose 10 = 2*t - 18. What is the remainder when 41 is divided by t?
13
Let x be 184/(-18) - 6/(-27). Calculate the remainder when 53 is divided by x/(-10) - 13*-1.
11
Suppose 127*i - 12 = 126*i. Calculate the remainder when 81 is divided by i.
9
Let u = 6 - 0. Let w be (u/5)/(15/50). Suppose 2*g = -3*g + 3*k + 86, -w*k - 8 = 0. Calculate the remainder when 47 is divided by g.
15
Suppose 80 = 2*f + 2*f. Suppose -c = 2*v + 29, -26 + 96 = -5*v - 2*c. Let w = v - -23. Calculate the remainder when f is divided by w.
9
Let a(k) = 0 + 0 - k + 12. Suppose 0 = b - 2*b + 8. What is the remainder when a(-9) is divided by b?
5
Let f = 14 + 39. Calculate the remainder when f is divided by 27.
26
Let q = 83 + -47. Let z(g) = -2*g**2 - 10*g + 2. Let p be z(-5). Suppose k + 17 = y, -y - 2*k = p*y - q. What is the remainder when 26 is divided by y?
12
Calculate the remainder when 136 + 10/(-15)*3 is divided by 27.
26
Let n(x) be the second derivative of 0 + 1/2*x**3 - 1/3*x**4 - 1/20*x**5 + 2*x**2 + x. What is the remainder when n(-5) is divided by 5?
4
Suppose -19 = p - n, p - 3*p = -4*n + 44. Let z = 39 + p. Calculate the remainder when z is divided by 8.
7
Let p = -25 + 20. Let i = 0 - p. What is the remainder when i is divided by 1?
0
Let u = -21 + 48. Calculate the remainder when u is divided by 14 - (-4 + (3 - -1)).
13
What is the remainder when -134*(0 + 3 + -4) is divided by 34?
32
Suppose 2*f + 2 - 10 = 0. Suppose g - 3*g = -f. Suppose -g*q - 2 = -4. Calculate the remainder when q is divided by 1.
0
Calculate the remainder when ((-2)/4)/(6/(-180)) is divided by 5.
0
Suppose 5*z + 16 = 51. Calculate the remainder when 14 is divided by z.
0
Suppose -2*v = -i - 72, 5*v - i - 162 = -3*i. Let j = 8 + -3. Suppose -3*a + k + 50 = -0*a, j*a + 4*k = 106. Calculate the remainder when v is divided by a.
16
Let j be (3/(-1))/(12/(-8)). What is the remainder when (5/j)/((-4)/(-8)) is divided by 2?
1
Suppose -3*a - v = 4 - 8, -a + 5*v + 12 = 0. Calculate the remainder when 1/(a - 4)*-28 is divided by 8.
6
Let d(k) = -4*k - 1. Suppose 0 = 2*i - 2, -2*i + 14 = 2*s. What is the remainder when d(-4) is divided by s?
3
Let h be (-3 - 16/(-6))*0. Let m(n) = n**3 + 5. Calculate the remainder when 13 is divided by m(h).
3
Suppose -2*n + 3*p = n - 93, 0 = 5*n - 2*p - 152. Suppose a - 4*a = -n. What is the remainder when 27 is divided by a?
7
Let v(r) = -r**3 + 8*r**2 - 8*r + 8. Let i be v(7). Calculate the remainder when 21 is divided by (-12)/14*i*-7.
3
Calculate the remainder when 1 is divided by (6/(-3) + 1)*-1.
0
Suppose 0 = 8*m - m - 301. Suppose 3*y = -3 + 36. What is the remainder when m is divided by y?
10
Suppose 0*a = 9*a - 522. Calculate the remainder when 168 is divided by a.
52
Let c = 20 + -10. Suppose 0*x + 12 = 4*x. What is the remainder when c is divided by x?
1
Let z(s) = -s**3 + 2*s**2 + 2. Calculate the remainder when 33 is divided by z(-2).
15
Suppose 2*m = -3*m + 170. Suppose 2*f - 3*z - 12 = 0, 29 = -3*f - 5*z + 85. What is the remainder when m is divided by f?
10
Suppose 0 = -o + 8*o - 259. What is the remainder when o is divided by 20?
17
Suppose -5*u + 0*x + 213 = 4*x, -4*u + 192 = -4*x. Calculate the remainder when u is divided by 12.
9
Let k be (-6)/(-9) - (-15)/(-9). Calculate the remainder when 23 is divided by k - (2 - -40)/(-3).
10
Let c = 93 + -91. Suppose b - 4*b = g - 11, 5*b - 19 = -2*g. Suppose -3*q = g - 11. Calculate the remainder when q is divided by c.
1
Let f = 48 - 25. What is the remainder when 43 is divided by f?
20
Suppose -18 = -u - 2*n, u - 3*n - 81 = -2*u. Let a(k) = -k**3 + k**2 - 2*k + 5. What is the remainder when a(-4) is divided by u?
21
Let u be (-54)/4 - 3/6. What is the remainder when 51 is divided by (u/6 + 3)*39?
25
Suppose -2*m + 20 = 2. What is the remainder when 26 is divided by m?
8
Let b = -23 + 30. What is the remainder when 14 is divided by b?
0
Suppose 0 = 2*g + 2*x - 34, 0 = -3*g + 5*g - 2*x - 42. Let j be 3*-1 - (-36)/6. What is the remainder when (-144)/j*3/(-4) is divided by g?
17
Let u(o) = o**3 - 5*o**2 + 3*o - 8. Calculate the remainder when u(5) is divided by 4.
3
Let q be (-1)/2 + 185/2. Suppose -3*g + q - 2 = 0. Let n(z) = 3*z**2 - 3*z + 5. Calculate the remainder when g is divided by n(2).
8
Suppose 4*i - 6*i = -4. Suppose 21 = o + i*o. Let u(b) = 4*b**2 + 2*b - 1. Calculate the remainder when u(2) is divided by o.
5
Suppose b = 4*b - 99. Let v = 48 - 31. What is the remainder when b is divided by v?
16
Suppose 0 = q - 5, 0*r - q + 45 = 4*r. Suppose 0 = -2*i + 5*k + 51, -i + 0*i = -2*k - 24. Calculate the remainder when i is divided by r.
8
Suppose 0*m - 4*m = -8. Let r be (3 + m)*(-16)/(-10). What is the remainder when (-5 + r)*(-26)/(-3) is divided by 9?
8
Let 